{"id":35,"date":"2026-02-03T20:37:57","date_gmt":"2026-02-03T20:37:57","guid":{"rendered":"https:\/\/automobilklubtorunski.pl\/atwp\/?page_id=35"},"modified":"2026-02-05T11:52:14","modified_gmt":"2026-02-05T11:52:14","slug":"kalendarz","status":"publish","type":"page","link":"https:\/\/automobilklubtorunski.pl\/atwp\/kalendarz\/","title":{"rendered":"Kalendarz"},"content":{"rendered":"\n<p><strong><em>25.I.2026<\/em><\/strong>&nbsp;&#8211; WO\u015aP &#8211;&nbsp;<em>Toru\u0144 Rynek Stromiejski<\/em><strong><em>&nbsp;<\/em><\/strong>wystawa pojazd\u00f3w zabytkowych, stoisko profilaktyczne odnosz\u0105ce si\u0119 do bezpiecze\u0144stwa w ruchu drogowym.&nbsp;<em>Z\u0142awie\u015b Wielka Szko\u0142a Podstawowa<\/em>&nbsp;&#8211; wystawa pojazd\u00f3w zabytkowych &#8211; Delegatura Z\u0142awie\u015b Wielka<\/p>\n\n\n\n<p><strong><em>28.I &#8211; 1.II.2026<\/em><\/strong>&nbsp;&#8211; Kongres ACI Pary\u017c, Francja<\/p>\n\n\n\n<p><strong><em>12.IV.2026<\/em><\/strong>&nbsp;&#8211; Toru\u0144ski Mistrz Kierownicy &#8211; Sprint MO PZM Bydgoszcz<\/p>\n\n\n\n<p><strong><em>26.IV.2026<\/em><\/strong>&nbsp;&#8211; II Rodzinny Rajd Turystyczny &#8222;Po drogach Powiatu Toru\u0144skiego&#8221; &#8211; Delegatura Z\u0142awie\u015b Wielka<\/p>\n\n\n\n<p><strong><em>01 &#8211; 04.V.2026<\/em><\/strong>&nbsp;&#8211; Citro Classica Enschede, Niderland<\/p>\n\n\n\n<p><strong><em>02.V.2026<\/em><\/strong>&nbsp;&#8211; \u015awi\u0119to Flagi, wystawa i parada pojazd\u00f3w zabytkowych, Toru\u0144<\/p>\n\n\n\n<p><strong><em>13 &#8211; 17.V.2026<\/em><\/strong>&nbsp;&#8211; 31 Mi\u0119dzynarodowy Zlot Citroen 2CV Francja<\/p>\n\n\n\n<p><strong><em>13.VI.2026<\/em><\/strong>&nbsp;&#8211; Przejazd i wystawa pojazd\u00f3w zabytkowych pn.\u201dZabytek wart zadbania\u201d- Che\u0142m\u017ca<\/p>\n\n\n\n<p><strong><em>13 &#8211; 14.VI.2026<\/em><\/strong>\u00a0&#8211; Rajd Szlakiem Kopernikowskim i Classic Gala<\/p>\n\n\n\n<p><strong><em>10 &#8211; 12.VII.2026<\/em><\/strong>&nbsp;&#8211; 49 Oldtimer Meeting Baden Baden, Niemcy<\/p>\n\n\n\n<p><strong>??.<em>VIII.2026<\/em>&nbsp;<\/strong>&#8211; 76. Internazionale Polizeisternfahrt- Gdynia<\/p>\n\n\n\n<p><strong><em>28-30.VIII.2026<\/em><\/strong>&nbsp;&#8211; Classic Gala Schwetzingen, Niemcy<\/p>\n\n\n\n<p><strong><em>13.IX.2026<\/em>&nbsp;<\/strong>&#8211; Zlot &#8222;Retroperspektywa &#8211; przez drogi i pola Powiatu Toru\u0144skiego&#8221;, Z\u0142awie\u015b Wielka<\/p>\n\n\n\n<p><strong><em>10 &#8211; 13.IX.2026<\/em><\/strong>&nbsp;&#8211; Zlot zabytkowych Mercedes\u00f3w Stav Drive Poland 2026, \u015awinouj\u015bcie<\/p>\n\n\n\n<p><strong><em>27.IX.2026&nbsp;<\/em><\/strong>&#8211; Toru\u0144ski Mistrz Kierownicy- Sprint MO PZM Bydgoszcz<\/p>\n\n\n\n<p><strong><em>7 &#8211; 8.XI.2026&nbsp;<\/em><\/strong>&#8211; Toru\u0144ski Rajd Samochodowy pn.\u201eHistoria i tradycja or\u0119\u017ca polskiego\u201d<\/p>\n\n\n\n<p><strong><em>08.XI.2026&nbsp;<\/em><\/strong>&#8211; Toru\u0144ski Mistrz Kierownicy &#8211; Sprint MO PZM Bydgoszcz<\/p>\n\n\n\n<p><\/p>\n\n\n\n<p><em><strong>Kalendarz w formie pliku pdf:<\/strong><\/em> <a href=\"https:\/\/www.automobilklubtorunski.pl\/pdfy\/kalendarz.pdf\" data-type=\"link\" data-id=\"https:\/\/www.automobilklubtorunski.pl\/pdfy\/kalendarz.pdf\" target=\"_blank\" rel=\"noreferrer noopener\">POBIERZ<\/a><\/p>\n\n\n\n<p><\/p>\n","protected":false},"excerpt":{"rendered":"<p>25.I.2026&nbsp;&#8211; WO\u015aP &#8211;&nbsp;Toru\u0144 Rynek Stromiejski&nbsp;wystawa pojazd\u00f3w zabytkowych, stoisko profilaktyczne odnosz\u0105ce si\u0119 do bezpiecze\u0144stwa w ruchu drogowym.&nbsp;Z\u0142awie\u015b Wielka Szko\u0142a Podstawowa&nbsp;&#8211; wystawa pojazd\u00f3w zabytkowych &#8211; Delegatura Z\u0142awie\u015b Wielka 28.I &#8211; 1.II.2026&nbsp;&#8211; Kongres ACI Pary\u017c, Francja 12.IV.2026&nbsp;&#8211; Toru\u0144ski Mistrz Kierownicy &#8211; Sprint MO &hellip; <a href=\"https:\/\/automobilklubtorunski.pl\/atwp\/kalendarz\/\">Czytaj dalej <span class=\"meta-nav\">&rarr;<\/span><\/a><\/p>\n","protected":false},"author":1,"featured_media":0,"parent":0,"menu_order":0,"comment_status":"closed","ping_status":"closed","template":"","meta":{"footnotes":""},"class_list":["post-35","page","type-page","status-publish","hentry"],"_links":{"self":[{"href":"https:\/\/automobilklubtorunski.pl\/atwp\/wp-json\/wp\/v2\/pages\/35","targetHints":{"allow":["GET"]}}],"collection":[{"href":"https:\/\/automobilklubtorunski.pl\/atwp\/wp-json\/wp\/v2\/pages"}],"about":[{"href":"https:\/\/automobilklubtorunski.pl\/atwp\/wp-json\/wp\/v2\/types\/page"}],"author":[{"embeddable":true,"href":"https:\/\/automobilklubtorunski.pl\/atwp\/wp-json\/wp\/v2\/users\/1"}],"replies":[{"embeddable":true,"href":"https:\/\/automobilklubtorunski.pl\/atwp\/wp-json\/wp\/v2\/comments?post=35"}],"version-history":[{"count":6,"href":"https:\/\/automobilklubtorunski.pl\/atwp\/wp-json\/wp\/v2\/pages\/35\/revisions"}],"predecessor-version":[{"id":82,"href":"https:\/\/automobilklubtorunski.pl\/atwp\/wp-json\/wp\/v2\/pages\/35\/revisions\/82"}],"wp:attachment":[{"href":"https:\/\/automobilklubtorunski.pl\/atwp\/wp-json\/wp\/v2\/media?parent=35"}],"curies":[{"name":"wp","href":"https:\/\/api.w.org\/{rel}","templated":true}]}}